{"id":2,"date":"2023-01-30T13:28:15","date_gmt":"2023-01-30T13:28:15","guid":{"rendered":"http:\/\/manto-ukis.lt\/?page_id=2"},"modified":"2023-02-03T09:29:06","modified_gmt":"2023-02-03T09:29:06","slug":"apie-musu-uki","status":"publish","type":"page","link":"https:\/\/manto-ukis.lt\/index.php\/apie-musu-uki\/","title":{"rendered":"Apie m\u016bs\u0173 \u016bk\u012f"},"content":{"rendered":"\n\n","protected":false},"excerpt":{"rendered":"","protected":false},"author":1,"featured_media":14,"parent":0,"menu_order":0,"comment_status":"closed","ping_status":"open","template":"","meta":{"saved_in_kubio":false,"_monsterinsights_skip_tracking":false,"_monsterinsights_sitenote_active":false,"_monsterinsights_sitenote_note":"","_monsterinsights_sitenote_category":0,"ngg_post_thumbnail":0,"footnotes":""},"class_list":["post-2","page","type-page","status-publish","has-post-thumbnail","hentry"],"aioseo_notices":[],"kubio_ai_page_context":{"short_desc":"","purpose":"general"},"_links":{"self":[{"href":"https:\/\/manto-ukis.lt\/index.php\/wp-json\/wp\/v2\/pages\/2","targetHints":{"allow":["GET"]}}],"collection":[{"href":"https:\/\/manto-ukis.lt\/index.php\/wp-json\/wp\/v2\/pages"}],"about":[{"href":"https:\/\/manto-ukis.lt\/index.php\/wp-json\/wp\/v2\/types\/page"}],"author":[{"embeddable":true,"href":"https:\/\/manto-ukis.lt\/index.php\/wp-json\/wp\/v2\/users\/1"}],"replies":[{"embeddable":true,"href":"https:\/\/manto-ukis.lt\/index.php\/wp-json\/wp\/v2\/comments?post=2"}],"version-history":[{"count":23,"href":"https:\/\/manto-ukis.lt\/index.php\/wp-json\/wp\/v2\/pages\/2\/revisions"}],"predecessor-version":[{"id":470,"href":"https:\/\/manto-ukis.lt\/index.php\/wp-json\/wp\/v2\/pages\/2\/revisions\/470"}],"wp:featuredmedia":[{"embeddable":true,"href":"https:\/\/manto-ukis.lt\/index.php\/wp-json\/wp\/v2\/media\/14"}],"wp:attachment":[{"href":"https:\/\/manto-ukis.lt\/index.php\/wp-json\/wp\/v2\/media?parent=2"}],"curies":[{"name":"wp","href":"https:\/\/api.w.org\/{rel}","templated":true}]}}